factor of 376 and q?
8
Let y(b) = -4*b**2 + 8*b - 3. Let t(n) = -n + 1. Let k(w) = -3*t(w) - y(w). Let o be k(2). What is the highest common divisor of o and 30?
6
Let r(s) = 13*s**2 + 59*s - 210. Let o be r(4). Calculate the highest common divisor of o and 208.
26
Let q(x) = 10*x**2 - 11*x - 7. Let s be q(9). Suppose 35574 = 1056*h - 640*h + 1201*h. Calculate the greatest common factor of s and h.
22
Suppose -11*l + 12*l = 231. Let x be (-2)/9 + 3/27*191. What is the greatest common divisor of x and l?
21
Suppose -23*q + 18*q - 2*k = -46, 12 = q - k. Let d = 100 + 250. Calculate the greatest common factor of q and d.
10
Suppose 0 = -3*g - n + 15 - 5, -5*g - 5*n = 0. Suppose 10 = -g*y - 0. Let d be (12/15)/(y/(-25)). Calculate the highest common divisor of 4 and d.
2
Let p be (-718)/(-2) - (34 - 35). Let a = -117 + p. Calculate the highest common factor of 18 and a.
9
Let n be ((-660)/80)/((-9)/15) + (-1)/(-4). What is the greatest common divisor of n and 62734?
14
Let x = -638 + 641. Suppose 5*a = c + 8*a - 21, 3*c - 63 = x*a. What is the highest common factor of 252 and c?
21
Let f = 162 - 165. Let r be 10/((-16)/(-2)*f/(-12)). Calculate the highest common factor of 3 and r.
1
Let f(q) = -24*q + 344. Let z be f(14). Let l = 0 - -4. Suppose v - z = l. Calculate the greatest common factor of v and 132.
12
Let o = -12950 - -12985. What is the highest common factor of o and 259?
7
Let n be 13*1 + 6*3/6. Let k = 34 - 37. Let q = n + k. What is the highest common divisor of 39 and q?
13
Let c(i) = -i**2 - 25*i + 1069. Let x be c(-45). What is the highest common divisor of 91 and x?
13
Let p(j) = 61*j + 6. Let z be p(1). Suppose -z = -4*g + 221. Calculate the greatest common factor of 54 and g.
18
Suppose -2*a - 14 = -4*w + 12, -w - 2*a + 14 = 0. Suppose w*k = 11*k - 9. Suppose -k*q + 8*q - 155 = 0. Calculate the greatest common factor of 248 and q.
31
Let r = -47 - -57. Let s be (6/5)/((11/r)/11). Let x = s + 0. What is the highest common divisor of x and 12?
12
Let i(b) = -b**3 - 8*b**2 + 5*b - 16. Let k be i(-9). Let x = -12 + k. Let y be (15 - 19)/(2 - (-15)/(-6)). Calculate the greatest common factor of x and y.
8
Let i be (544/40)/(-1 - 51/(-45)). Let b be -450*(2 + 1 - i/30). Calculate the highest common factor of b and 72.
36
Let s = 2223 + -2005. What is the highest common divisor of 1 and s?
1
Let a = 10050 - 9843. What is the greatest common divisor of 27 and a?
9
Let c be 329/(-2)*(-8 + 6 + 0). Let n = c + -205. What is the highest common divisor of n and 93?
31
Suppose -3*a + a + 60 = 0. Suppose 4*q - 2*q + 3*l = 558, q = l + 264. Calculate the greatest common factor of a and q.
30
Let z be 3822/8 + -1 + 69/(-92). Suppose r + k + 3*k = z, -5*r + 2285 = k. Calculate the greatest common divisor of r and 19.
19
Let d(y) = 3*y**3 - 45*y**2 + 20*y + 244. Let l be d(15). Calculate the greatest common factor of 68 and l.
68
Suppose 0 = -s + 6*s - 205. Let m = s + -1. Suppose -5*n + 0*n = -m. Calculate the highest common divisor of n and 8.
8
Let h(o) be the first derivative of o**3 + 40*o**2 - 56*o - 259. Let k be h(-28). What is the greatest common divisor of k and 8?
8
Suppose -5*b - 4*g = -g - 6558, 5*g + 1278 = b. What is the greatest common factor of 1090 and b?
218
Let d = 1286 + -888. Let j = -390 + d. What is the highest common factor of 16 and j?
8
Suppose 1036 = 6*m + 2*w, 3*w - 123 + 108 = 0. Let o be (-1)/(-1 + (-18)/(-19)). Calculate the highest common divisor of o and m.
19
Let f(a) = -10*a + 4. Let d be f(-4). Let n be ((-2)/(-3))/(44/(-198)). Let j be -10*n*(-16)/(-120). What is the highest common divisor of j and d?
4
Suppose -w + 3*i = -3, 1 = w + i - 10. Let g be (21/w)/(2/(-6)). Let d be (g - -4)*(2 + (-39)/9). Calculate the greatest common divisor of 1 and d.
1
Let d be 8/(-12)*(-33 + 0). Suppose d = 4*y - 10. Suppose 5*j = 3*s + 14, 21*s - 16*s = 4*j - 19. Calculate the highest common factor of y and j.
1
Suppose 3*w + 3*r - 127 = -2*r, -3*w + 122 = 4*r. Suppose w*m + 98 = 36*m. What is the highest common factor of 784 and m?
49
Let z(c) = -c**2 + 3*c + 8. Let x be z(4). Suppose -x*s = 22 - 62. Calculate the greatest common divisor of s and 10.
10
Let u = 662 + -658. Suppose 0 = u*t - 2*q - 1072, 2*t + q - 556 = -3*q. What is the highest common factor of 20 and t?
10
Suppose 2*t + g - 7 - 5 = 0, -24 = -4*t + 4*g. Let d(s) = 4*s**3 - 3*s**2 - 15*s + 49. Let v be d(t). What is the highest common divisor of v and 55?
55
Suppose -15*y - 92 = -2. Let n(g) = -3 - 9*g + g**2 - 2*g**2 - 3 + 3. Let x be n(y). What is the highest common factor of 15 and x?
15
Let m = -9459 - -14124. What is the highest common factor of 15 and m?
15
Let y be 6/(-39) + (-954)/(-117). Suppose -26*x = -19*x - 140. What is the greatest common divisor of y and x?
4
Suppose -24 = 6*c - 120. Suppose 8*x - 4*x = c. Let r be (-2)/x*((-49)/(-7) - 43). What is the greatest common factor of 162 and r?
18
Let g be 58/(-6) + -2 + 48/18. Let u be 48/216 - 25/g. Calculate the greatest common factor of u and 7.
1
Let t(o) = 9*o - 6. Let u be t(6). Let b(y) = 3*y**3 - 21*y**2 + 2*y + 22. Let n be b(7). What is the highest common divisor of n and u?
12
Let c(n) = n**3 + 3 + 3 + 5*n**2 + 28*n + 3 - 13*n**2. Let i be c(7). What is the highest common factor of i and 39?
39
Suppose -22*f = -467 - 633. Let c = f + -48. What is the greatest common factor of c and 64?
2
Suppose 5*h + s = 69 + 18004, 6*s - 7190 = -2*h. Calculate the greatest common factor of h and 4.
4
Suppose 180*z + 24 = 182*z. Suppose 138 - z = 3*i. Calculate the highest common divisor of 6 and i.
6
Suppose 3*i + q - 311 = 0, 126 = 3*i - 5*q - 209. Let k be (98/21)/(-7)*-30. Suppose -k*c = 6*c - 390. What is the highest common divisor of c and i?
15
Suppose y + 2*n + 23 = 24, 19 = 5*y - 4*n. Suppose u = 3*r + 13, 4*r = -y*u - 34 + 138. What is the greatest common factor of 868 and u?
28
Suppose -27*q + 28*q = 0, -5*q = -5*p + 13875. Calculate the highest common divisor of p and 75.
75
Let c(y) = 6*y**2 - 30*y + 21. Let u be c(10). Let q = 385 - u. What is the greatest common factor of 16 and q?
16
Let f(y) = -65*y**3 + y**2 + 4*y + 46. Let x be f(-3). What is the greatest common divisor of 31 and x?
31
Suppose 70 = -5*h + 70. Suppose h = 4*v - 51 - 13. What is the greatest common factor of v and 72?
8
Suppose -4*d - 6 = -5*f, -4*f - d + 12 = 3. Let a be ((-169)/2)/(6/12). Let m = a - -172. Calculate the greatest common factor of m and f.
1
Let l(a) = 5*a**2 - 5*a - 77. Let p be l(-6). Let k be 38/p - (-61)/7. What is the greatest common factor of 171 and k?
9
Suppose -83*f - 80*f = 44*f - 1449. Suppose -5*a = -2*m - 463, a = -4*a - 5*m + 435. What is the highest common divisor of a and f?
7
Suppose w + 0*w - 4*m = -17, 0 = -3*m + 15. Let l be 24/18 + 77/w. Let s = l - 25. Calculate the greatest common divisor of s and 1.
1
Suppose 63 = -2*z + 5*z. Let j be 4/3*4/(56/z). Suppose 2*h - 540 = j*p + 514, -3*h + 1589 = 5*p. What is the greatest common divisor of h and 48?
48
Suppose 3*k - 103 - 85 = v, -k = -3*v - 44. What is the highest common factor of 375 and k?
5
Suppose -2*f + 3*l + 63 = 0, -3*l = -119*f + 122*f - 147. Calculate the greatest common divisor of f and 3878.
14
Let o(u) be the third derivative of -u**4/6 - 5*u**3/2 - 14*u**2. Let d = -175 - -169. Let r be o(d). What is the highest common factor of r and 36?
9
Let h be -34*-108*35/(-168)*-3. Calculate the greatest common factor of h and 1215.
135
Suppose 0 = -7*z + 4*z - 2*y + 202, -16 = 4*y. Let m = 1037 + -722. Calculate the greatest common factor of z and m.
35
Let i(u) = -u**3 + 4*u**2 - 3*u - 1. Let y be i(3). Let f be (139 + y)*(-9)/(-27). Let h = 58 - f. Calculate the greatest common divisor of 84 and h.
12
Let q(a) = -22*a**3 - a**2. Let y be q(2). Let h = 183 + y. Calculate the greatest common divisor of h and 12.
3
Let h(i) = i**3 + 60*i**2 - 3*i - 112. Let r be h(-60). Calculate the highest common factor of 4 and r.
4
Let k be (((-11977)/116)/59)/(2/(-10576)). Calculate the highest common divisor of 7 and k.
7
Let b = 2863 + -2805. What is the highest common divisor of b and 2726?
58
Suppose -5*o - 24 + 174 = 0. Let k(a) = 5*a**2 + 5*a + 4. Let l be k(-2). Let r be l - (4/6 + 40/(-24)). What is the highest common divisor of r a